[INFO] fetching crate graftpress 0.1.1...
[INFO] checking graftpress-0.1.1 against master#af3c6e733a40e671550e0f0f5aeecaa13772ba56 for pr-74989
[INFO] extracting crate graftpress 0.1.1 into /workspace/builds/worker-14/source
[INFO] validating manifest of crates.io crate graftpress 0.1.1 on toolchain af3c6e733a40e671550e0f0f5aeecaa13772ba56
[INFO] running `Command { std: "/workspace/cargo-home/bin/cargo" "+af3c6e733a40e671550e0f0f5aeecaa13772ba56" "read-manifest" "--manifest-path" "Cargo.toml", kill_on_drop: false }`
[INFO] started tweaking crates.io crate graftpress 0.1.1
[INFO] finished tweaking crates.io crate graftpress 0.1.1
[INFO] tweaked toml for crates.io crate graftpress 0.1.1 written to /workspace/builds/worker-14/source/Cargo.toml
[INFO] running `Command { std: "/workspace/cargo-home/bin/cargo" "+af3c6e733a40e671550e0f0f5aeecaa13772ba56" "generate-lockfile" "--manifest-path" "Cargo.toml" "-Zno-index-update", kill_on_drop: false }`
[INFO] running `Command { std: "/workspace/cargo-home/bin/cargo" "+af3c6e733a40e671550e0f0f5aeecaa13772ba56" "fetch" "--locked" "--manifest-path" "Cargo.toml", kill_on_drop: false }`
[INFO] running `Command { std: "docker" "create" "-v" "/var/lib/crater-agent-workspace/builds/worker-14/target:/opt/rustwide/target:rw,Z" "-v" "/var/lib/crater-agent-workspace/builds/worker-14/source:/opt/rustwide/workdir:ro,Z" "-v" "/var/lib/crater-agent-workspace/cargo-home:/opt/rustwide/cargo-home:ro,Z" "-v" "/var/lib/crater-agent-workspace/rustup-home:/opt/rustwide/rustup-home:ro,Z" "-e" "SOURCE_DIR=/opt/rustwide/workdir" "-e" "CARGO_TARGET_DIR=/opt/rustwide/target" "-e" "CARGO_HOME=/opt/rustwide/cargo-home" "-e" "RUSTUP_HOME=/opt/rustwide/rustup-home" "-w" "/opt/rustwide/workdir" "-m" "1610612736" "--user" "0:0" "--network" "none" "rustops/crates-build-env@sha256:d92eaeed33fa75130ca1ee6c8a01d1ffb62bac859dfdfb3450e3e5d1c0146529" "/opt/rustwide/cargo-home/bin/cargo" "+af3c6e733a40e671550e0f0f5aeecaa13772ba56" "metadata" "--no-deps" "--format-version=1", kill_on_drop: false }`
[INFO] [stdout] 6351ab77e2461edf47ae2d78b662a2b0196dc87b5f653d45c0a411acac52a4ad
[INFO] [stderr] WARNING: Your kernel does not support swap limit capabilities or the cgroup is not mounted. Memory limited without swap.
[INFO] running `Command { std: "docker" "start" "-a" "6351ab77e2461edf47ae2d78b662a2b0196dc87b5f653d45c0a411acac52a4ad", kill_on_drop: false }`
[INFO] running `Command { std: "docker" "inspect" "6351ab77e2461edf47ae2d78b662a2b0196dc87b5f653d45c0a411acac52a4ad", kill_on_drop: false }`
[INFO] running `Command { std: "docker" "rm" "-f" "6351ab77e2461edf47ae2d78b662a2b0196dc87b5f653d45c0a411acac52a4ad", kill_on_drop: false }`
[INFO] [stdout] 6351ab77e2461edf47ae2d78b662a2b0196dc87b5f653d45c0a411acac52a4ad
[INFO] running `Command { std: "docker" "create" "-v" "/var/lib/crater-agent-workspace/builds/worker-14/target:/opt/rustwide/target:rw,Z" "-v" "/var/lib/crater-agent-workspace/builds/worker-14/source:/opt/rustwide/workdir:ro,Z" "-v" "/var/lib/crater-agent-workspace/cargo-home:/opt/rustwide/cargo-home:ro,Z" "-v" "/var/lib/crater-agent-workspace/rustup-home:/opt/rustwide/rustup-home:ro,Z" "-e" "SOURCE_DIR=/opt/rustwide/workdir" "-e" "CARGO_TARGET_DIR=/opt/rustwide/target" "-e" "CARGO_INCREMENTAL=0" "-e" "RUST_BACKTRACE=full" "-e" "RUSTFLAGS=--cap-lints=forbid" "-e" "CARGO_HOME=/opt/rustwide/cargo-home" "-e" "RUSTUP_HOME=/opt/rustwide/rustup-home" "-w" "/opt/rustwide/workdir" "-m" "1610612736" "--user" "0:0" "--network" "none" "rustops/crates-build-env@sha256:d92eaeed33fa75130ca1ee6c8a01d1ffb62bac859dfdfb3450e3e5d1c0146529" "/opt/rustwide/cargo-home/bin/cargo" "+af3c6e733a40e671550e0f0f5aeecaa13772ba56" "check" "--frozen" "--all" "--all-targets" "--message-format=json", kill_on_drop: false }`
[INFO] [stdout] 4eeac4d4aa1b8e87c2f28f309766f8cda02085adaddf3c8d1b3911936ad0665b
[INFO] [stderr] WARNING: Your kernel does not support swap limit capabilities or the cgroup is not mounted. Memory limited without swap.
[INFO] running `Command { std: "docker" "start" "-a" "4eeac4d4aa1b8e87c2f28f309766f8cda02085adaddf3c8d1b3911936ad0665b", kill_on_drop: false }`
[INFO] [stderr]    Compiling libc v0.2.77
[INFO] [stderr]     Checking cfg-if v0.1.10
[INFO] [stderr]    Compiling autocfg v1.0.1
[INFO] [stderr]    Compiling log v0.4.11
[INFO] [stderr]     Checking lazy_static v1.2.0
[INFO] [stderr]    Compiling byteorder v1.3.4
[INFO] [stderr]     Checking futures v0.1.29
[INFO] [stderr]    Compiling maybe-uninit v2.0.0
[INFO] [stderr]     Checking scopeguard v1.1.0
[INFO] [stderr]    Compiling semver-parser v0.7.0
[INFO] [stderr]    Compiling proc-macro2 v1.0.21
[INFO] [stderr]    Compiling unicode-xid v0.2.1
[INFO] [stderr]    Compiling bitflags v1.2.1
[INFO] [stderr]     Checking fnv v1.0.7
[INFO] [stderr]    Compiling version_check v0.9.2
[INFO] [stderr]    Compiling serde v1.0.116
[INFO] [stderr]    Compiling syn v1.0.40
[INFO] [stderr]    Compiling libloading v0.6.3
[INFO] [stderr]     Checking itoa v0.4.6
[INFO] [stderr]    Compiling unicode-width v0.1.8
[INFO] [stderr]    Compiling quick-error v1.2.3
[INFO] [stderr]    Compiling vec_map v0.8.2
[INFO] [stderr]    Compiling bindgen v0.55.1
[INFO] [stderr]    Compiling termcolor v1.1.0
[INFO] [stderr]    Compiling strsim v0.8.0
[INFO] [stderr]    Compiling ansi_term v0.11.0
[INFO] [stderr]     Checking adler v0.2.3
[INFO] [stderr]    Compiling peeking_take_while v0.1.2
[INFO] [stderr]    Compiling typenum v1.12.0
[INFO] [stderr]     Checking safemem v0.3.3
[INFO] [stderr]    Compiling lazycell v1.3.0
[INFO] [stderr]    Compiling rustc-hash v1.1.0
[INFO] [stderr]     Checking gimli v0.22.0
[INFO] [stderr]     Checking smallvec v1.4.2
[INFO] [stderr]     Checking instant v0.1.6
[INFO] [stderr]    Compiling cc v1.0.59
[INFO] [stderr]    Compiling failure_derive v0.1.8
[INFO] [stderr]    Compiling pkg-config v0.3.18
[INFO] [stderr]    Compiling ryu v1.0.5
[INFO] [stderr]     Checking percent-encoding v1.0.1
[INFO] [stderr]     Checking tinyvec v0.3.4
[INFO] [stderr]     Checking scoped-tls v0.1.2
[INFO] [stderr]    Compiling serde_json v1.0.57
[INFO] [stderr]    Compiling winapi v0.3.9
[INFO] [stderr]    Compiling pq-sys v0.4.6
[INFO] [stderr]     Checking object v0.20.0
[INFO] [stderr]     Checking hashbrown v0.9.0
[INFO] [stderr]     Checking bytemuck v1.4.1
[INFO] [stderr]     Checking slab v0.3.0
[INFO] [stderr]     Checking take v0.1.0
[INFO] [stderr]     Checking same-file v1.0.6
[INFO] [stderr]     Checking smallvec v0.2.1
[INFO] [stderr]    Compiling serde_derive v1.0.116
[INFO] [stderr]    Compiling ryu v0.2.8
[INFO] [stderr]     Checking try-lock v0.1.0
[INFO] [stderr]     Checking mime v0.3.16
[INFO] [stderr]     Checking sha1 v0.2.0
[INFO] [stderr]     Checking opaque-debug v0.2.3
[INFO] [stderr]     Checking xml-rs v0.8.3
[INFO] [stderr]     Checking try-lock v0.2.3
[INFO] [stderr]    Compiling pest v1.0.6
[INFO] [stderr]     Checking typed-arena v1.7.0
[INFO] [stderr]     Checking anymap v0.12.1
[INFO] [stderr]     Checking dtoa v0.4.6
[INFO] [stderr]     Checking unicode_categories v0.1.1
[INFO] [stderr]     Checking entities v1.0.1
[INFO] [stderr]     Checking antidote v1.0.0
[INFO] [stderr]     Checking lock_api v0.3.4
[INFO] [stderr]     Checking lock_api v0.4.1
[INFO] [stderr]    Compiling clang-sys v1.0.0
[INFO] [stderr]     Checking crossbeam-utils v0.6.6
[INFO] [stderr]     Checking thread_local v1.0.1
[INFO] [stderr]    Compiling humantime v1.3.0
[INFO] [stderr]    Compiling semver v0.9.0
[INFO] [stderr]    Compiling textwrap v0.11.0
[INFO] [stderr]     Checking miniz_oxide v0.4.1
[INFO] [stderr]     Checking line-wrap v0.1.1
[INFO] [stderr]    Compiling nom v5.1.2
[INFO] [stderr]    Compiling unicase v2.6.0
[INFO] [stderr]     Checking textwrap v0.10.0
[INFO] [stderr]    Compiling crossbeam-utils v0.7.2
[INFO] [stderr]    Compiling memoffset v0.5.5
[INFO] [stderr]    Compiling crossbeam-epoch v0.8.2
[INFO] [stderr]    Compiling num-traits v0.2.12
[INFO] [stderr]    Compiling num-integer v0.1.43
[INFO] [stderr]    Compiling indexmap v1.6.0
[INFO] [stderr]     Checking rgb v0.8.25
[INFO] [stderr]     Checking unicode-normalization v0.1.13
[INFO] [stderr]     Checking walkdir v2.3.1
[INFO] [stderr]     Checking hmac-sha1 v0.1.3
[INFO] [stderr]     Checking tokio-sync v0.1.8
[INFO] [stderr]     Checking tokio-service v0.1.0
[INFO] [stderr]     Checking relay v0.1.1
[INFO] [stderr]     Checking crossbeam-channel v0.3.9
[INFO] [stderr]    Compiling rustc_version v0.2.3
[INFO] [stderr]     Checking crc32fast v1.2.0
[INFO] [stderr]     Checking twoway v0.1.8
[INFO] [stderr]     Checking smallvec v0.6.13
[INFO] [stderr]     Checking log v0.3.9
[INFO] [stderr]     Checking want v0.0.4
[INFO] [stderr]     Checking want v0.2.0
[INFO] [stderr]    Compiling pest_derive v1.0.8
[INFO] [stderr]     Checking base64 v0.10.1
[INFO] [stderr]     Checking base64 v0.9.3
[INFO] [stderr]     Checking regex v1.3.9
[INFO] [stderr]    Compiling quote v1.0.7
[INFO] [stderr]    Compiling parking_lot_core v0.6.2
[INFO] [stderr]    Compiling parking_lot v0.9.0
[INFO] [stderr]    Compiling hyper v0.12.35
[INFO] [stderr]    Compiling atty v0.2.14
[INFO] [stderr]    Compiling which v3.1.1
[INFO] [stderr]     Checking iovec v0.1.4
[INFO] [stderr]     Checking net2 v0.2.35
[INFO] [stderr]     Checking num_cpus v1.13.0
[INFO] [stderr]     Checking rand v0.4.6
[INFO] [stderr]     Checking time v0.1.44
[INFO] [stderr]     Checking getrandom v0.1.15
[INFO] [stderr]     Checking parking_lot_core v0.8.0
[INFO] [stderr]     Checking inotify-sys v0.1.3
[INFO] [stderr]     Checking flate2 v1.0.17
[INFO] [stderr]     Checking filetime v0.2.12
[INFO] [stderr]     Checking idna v0.1.5
[INFO] [stderr]     Checking tokio-executor v0.1.10
[INFO] [stderr]     Checking crossbeam-queue v0.2.3
[INFO] [stderr]    Compiling clap v2.33.3
[INFO] [stderr]     Checking bytes v0.4.12
[INFO] [stderr]     Checking generic-array v0.12.3
[INFO] [stderr]     Checking mio v0.6.22
[INFO] [stderr]     Checking futures-cpupool v0.1.8
[INFO] [stderr]     Checking addr2line v0.13.0
[INFO] [stderr]     Checking inotify v0.7.1
[INFO] [stderr]     Checking rand_core v0.5.1
[INFO] [stderr]     Checking parking_lot v0.11.0
[INFO] [stderr]     Checking tokio-timer v0.2.13
[INFO] [stderr]     Checking tokio-current-thread v0.1.7
[INFO] [stderr]     Checking num-traits v0.1.43
[INFO] [stderr]     Checking crossbeam-deque v0.7.3
[INFO] [stderr]     Checking block-cipher-trait v0.6.2
[INFO] [stderr]     Checking backtrace v0.3.50
[INFO] [stderr]     Checking parking_lot_core v0.2.14
[INFO] [stderr]     Checking rand v0.3.23
[INFO] [stderr]     Checking tokio-io v0.1.13
[INFO] [stderr]     Checking http v0.1.21
[INFO] [stderr]     Checking tokio-buf v0.1.1
[INFO] [stderr]     Checking string v0.2.1
[INFO] [stderr]     Checking url v1.7.2
[INFO] [stderr]     Checking rand_chacha v0.2.2
[INFO] [stderr]     Checking cgmath v0.16.1
[INFO] [stderr]     Checking scheduled-thread-pool v0.2.5
[INFO] [stderr]    Compiling env_logger v0.7.1
[INFO] [stderr]     Checking blowfish v0.4.0
[INFO] [stderr]     Checking tokio-threadpool v0.1.18
[INFO] [stderr]     Checking mio-uds v0.6.8
[INFO] [stderr]     Checking mio-extras v2.0.6
[INFO] [stderr]     Checking parking_lot v0.4.8
[INFO] [stderr]     Checking r2d2 v0.8.9
[INFO] [stderr]     Checking tokio-codec v0.1.2
[INFO] [stderr]     Checking rand v0.7.3
[INFO] [stderr]     Checking tokio-reactor v0.1.12
[INFO] [stderr]    Compiling cexpr v0.4.0
[INFO] [stderr]     Checking cookie v0.12.0
[INFO] [stderr]     Checking chashmap v2.2.2
[INFO] [stderr]     Checking tokio-uds v0.2.7
[INFO] [stderr]     Checking tokio-tcp v0.1.4
[INFO] [stderr]     Checking tokio-udp v0.1.6
[INFO] [stderr]     Checking notify v5.0.0-pre.1
[INFO] [stderr]     Checking tokio-fs v0.1.7
[INFO] [stderr]     Checking tokio v0.1.22
[INFO] [stderr]     Checking bcrypt v0.5.0
[INFO] [stderr]     Checking tokio-core v0.1.17
[INFO] [stderr]     Checking h2 v0.1.26
[INFO] [stderr]     Checking http-body v0.1.0
[INFO] [stderr]     Checking comrak v0.3.1
[INFO] [stderr]     Checking chrono v0.4.15
[INFO] [stderr]     Checking plist v0.4.2
[INFO] [stderr]     Checking bincode v1.3.1
[INFO] [stderr]     Checking csv v1.0.7
[INFO] [stderr]     Checking serde_yaml v0.8.13
[INFO] [stderr]     Checking tokio-proto v0.1.1
[INFO] [stderr]     Checking winconsole v0.10.0
[INFO] [stderr]     Checking colored v1.8.0
[INFO] [stderr]     Checking hyper v0.11.27
[INFO] [stderr]    Compiling synstructure v0.12.4
[INFO] [stderr]    Compiling diesel_derives v1.4.1
[INFO] [stderr]     Checking failure v0.1.8
[INFO] [stderr]     Checking signed_cookies v0.1.2
[INFO] [stderr]     Checking graft v0.1.7
[INFO] [stderr]    Compiling onig_sys v69.5.1
[INFO] [stderr]     Checking diesel v1.4.5
[INFO] [stderr]     Checking onig v5.0.0
[INFO] [stderr]     Checking syntect v3.3.0
[INFO] [stderr]     Checking r2d2-diesel v1.0.0
[INFO] [stderr]     Checking realm v0.1.18
[INFO] [stderr]     Checking graftpress_core v0.1.1
[INFO] [stdout] error[E0433]: failed to resolve: could not find `HTML` in `realm`
[INFO] [stdout]   --> /opt/rustwide/cargo-home/registry/src/github.com-1ecc6299db9ec823/graftpress_core-0.1.1/src/cms.rs:78:12
[INFO] [stdout]    |
[INFO] [stdout] 78 |     realm::HTML::new().title("index").render_to_response(spec)
[INFO] [stdout]    |            ^^^^ could not find `HTML` in `realm`
[INFO] [stdout] 
[INFO] [stdout] 
[INFO] [stdout] error[E0425]: cannot find function `not_found` in module `realm::utils`
[INFO] [stdout]   --> /opt/rustwide/cargo-home/registry/src/github.com-1ecc6299db9ec823/graftpress_core-0.1.1/src/cms.rs:61:37
[INFO] [stdout]    |
[INFO] [stdout] 61 |             return Ok(realm::utils::not_found());
[INFO] [stdout]    |                                     ^^^^^^^^^ not found in `realm::utils`
[INFO] [stdout] 
[INFO] [stdout] 
[INFO] [stdout] error[E0308]: mismatched types
[INFO] [stdout]  --> /opt/rustwide/cargo-home/registry/src/github.com-1ecc6299db9ec823/graftpress_core-0.1.1/src/forward.rs:3:59
[INFO] [stdout]   |
[INFO] [stdout] 3 |     let input = realm::request_config::RequestConfig::new(req)?;
[INFO] [stdout]   |                                                           ^^^
[INFO] [stdout]   |                                                           |
[INFO] [stdout]   |                                                           expected reference, found struct `http::request::Request`
[INFO] [stdout]   |                                                           help: consider borrowing here: `&req`
[INFO] [stdout]   |
[INFO] [stdout]   = note: expected reference `&http::request::Request<Vec<u8>>`
[INFO] [stdout]                 found struct `http::request::Request<Vec<u8>>`
[INFO] [stdout] 
[INFO] [stdout] 
[INFO] [stdout] error[E0609]: no field `req` on type `RequestConfig`
[INFO] [stdout]  --> /opt/rustwide/cargo-home/registry/src/github.com-1ecc6299db9ec823/graftpress_core-0.1.1/src/forward.rs:5:43
[INFO] [stdout]   |
[INFO] [stdout] 5 |         url_ => crate::cms::layout(&input.req, crate::cms::get_context("cms"), url_),
[INFO] [stdout]   |                                           ^^^ unknown field
[INFO] [stdout]   |
[INFO] [stdout]   = note: available fields are: `query`, `data`, `rest`, `path`
[INFO] [stdout] 
[INFO] [stdout] 
[INFO] [stdout] error[E0277]: the size for values of type `str` cannot be known at compilation time
[INFO] [stdout]    --> /opt/rustwide/cargo-home/registry/src/github.com-1ecc6299db9ec823/graftpress_core-0.1.1/src/cms.rs:66:5
[INFO] [stdout]     |
[INFO] [stdout] 66  |     println!("content {:?}", content);
[INFO] [stdout]     |     ^^^^^^^^^^^^^^^^^^^^^^^^^^^^^^^^^^ doesn't have a size known at compile-time
[INFO] [stdout]     |
[INFO] [stdout]     = help: the trait `Sized` is not implemented for `str`
[INFO] [stdout]     = note: this error originates in a macro (in Nightly builds, run with -Z macro-backtrace for more info)
[INFO] [stdout] 
[INFO] [stdout] 
[INFO] [stdout] error: aborting due to 5 previous errors
[INFO] [stdout] 
[INFO] [stdout] 
[INFO] [stdout] Some errors have detailed explanations: E0277, E0308, E0425, E0433, E0609.
[INFO] [stdout] 
[INFO] [stdout] For more information about an error, try `rustc --explain E0277`.
[INFO] [stdout] 
[INFO] [stderr] error: could not compile `graftpress_core`.
[INFO] [stderr] 
[INFO] [stderr] To learn more, run the command again with --verbose.
[INFO] running `Command { std: "docker" "inspect" "4eeac4d4aa1b8e87c2f28f309766f8cda02085adaddf3c8d1b3911936ad0665b", kill_on_drop: false }`
[INFO] running `Command { std: "docker" "rm" "-f" "4eeac4d4aa1b8e87c2f28f309766f8cda02085adaddf3c8d1b3911936ad0665b", kill_on_drop: false }`
[INFO] [stdout] 4eeac4d4aa1b8e87c2f28f309766f8cda02085adaddf3c8d1b3911936ad0665b
